z?
10
Let a(o) = 72*o - 419. What is the remainder when 2159 is divided by a(6)?
1
Suppose 5*n + 3*r + 547 - 1403 = 0, -854 = -5*n - 2*r. What is the remainder when n is divided by (-118)/(-4) + (-1)/2?
25
Suppose 2*y - 16 = -3*b, 5*b - 28 = -14*y + 12*y. Suppose 5*i + 50 = -3*z, 5*i + 33 = 5*z + 103. Calculate the remainder when b/z + 884/10 is divided by 13.
10
Suppose 33*f - 29*f = 1064. Let y = 307 - f. Calculate the remainder when (-2)/3 - (-730)/6 is divided by y.
39
Let s = -105 + 108. Calculate the remainder when (3 - 2)/(-1) + 113 is divided by s/6*(6 - -70).
36
Let p be ((-4332)/(-27))/2 + 22/(-99). Let n = p - 47. Calculate the remainder when 197 is divided by n.
32
Suppose 0 = -98*d + 25764 + 200126. Calculate the remainder when d is divided by 42.
37
Suppose -240 - 504 = -31*r. Suppose -o + q + 113 = 0, 4*o = 6*q - 3*q + 455. Calculate the remainder when o is divided by r.
20
Let i(k) = 77*k + 1462. What is the remainder when i(0) is divided by 49?
41
Let b(y) = 72*y**2 - 157*y + 3. Calculate the remainder when b(-2) is divided by 83.
24
Suppose -14 = -2*c - 2*c + 2*m, 5*m - 5 = 0. Suppose 5*h = 3*b + h - 24, -c*b - 5*h + 63 = 0. Calculate the remainder when (4/(-6))/((-4)/498) is divided by b.
11
Let l = 170846 - 170818. Calculate the remainder when (2 - 1)*53/1 is divided by l.
25
Let z = 11 - 7. Let d be -8*((-7)/z - -3). Calculate the remainder when (d/5 - -1)*98/(-2) is divided by 26.
23
Let b be ((-125)/10)/1*6/(-15). Suppose -x + 91 = z, -b*z + 449 = 2*x - 0*x. Let f(d) = 2*d + 1. What is the remainder when z is divided by f(7)?
14
Suppose 5*f - 80 = 3*f. Suppose 0*v + 4*v = f. Suppose -10*l - 3872 = -122*l - 9*l. Calculate the remainder when l is divided by v.
2
Suppose n + 0*n = 7. Let f be ((-10)/(-25))/((-4)/(-20)). Suppose 2*v - 21 + 2 = 5*a, v + f*a + 4 = 0. Calculate the remainder when n is divided by v.
1
Let i be 4/(-6) + (-1)/(21/3703). Let t = i - -183. Let q = -58 - -139. What is the remainder when q is divided by t?
3
Suppose 908*m - 906*m = 14388. What is the remainder when m is divided by 16?
10
Suppose -3*j - 4*i = 283, 0 = -2*j + i - 173 - 12. Let k = 102 + j. Let q(m) = 21*m**3 - m**2 + m + 2. Calculate the remainder when q(2) is divided by k.
6
Let d = 762 + -512. Suppose 5*f = -215 + d. Calculate the remainder when f is divided by 3.
1
What is the remainder when 138 is divided by (192/(-352))/(2/231*-3)?
12
Suppose 5*f + 3*p = 54, -5*f + p + 2*p = -36. Calculate the remainder when 69 is divided by 7/(f*(-3)/(-81)).
6
Let t(a) = -a**2 + 10*a + 30. Let v be t(13). Let j(q) = -9*q - 68. What is the remainder when 63 is divided by j(v)?
11
Let o(r) = -46*r**3 - 59*r + 24*r**2 - 36*r**3 - 42 + 81*r**3. What is the remainder when 119 is divided by o(21)?
35
Suppose 0 = -2*j - 2*j. Let f(s) = s + 35. Let b(a) = a**3 - 41*a**2 + 42*a - 70. What is the remainder when f(j) is divided by b(40)?
5
Let p(g) = 2*g**2 + 10*g + 3. Let b be p(-5). Let d be 0 - -3*((-4)/b)/(-2). Calculate the remainder when 79 is divided by (-8 - d)/(1/(-2)).
19
Suppose 3352 = 26*s - 1276. Calculate the remainder when 4268 is divided by s.
174
Let k = 9 - -14. Let i = k - 16. Let t = 20873 - 20840. What is the remainder when t is divided by i?
5
Suppose 2*g + 4*s - 136 = 0, -8*g + 3*s + 168 = -5*g. Suppose -g = -7*k + 3*k. What is the remainder when 24 is divided by k?
9
Suppose 154*v - 142 = -3*o + 150*v, v + 8 = 0. What is the remainder when 84 is divided by o?
26
Let v(u) = -2*u**3 + 19*u**2 + 168*u + 8. Calculate the remainder when 53 is divided by v(15).
0
Suppose 0 = 7*q - 952 - 1456. What is the remainder when q is divided by 115?
114
What is the remainder when 2276 is divided by (18*(-28)/20 - 5)*200/(-8)?
11
Let j = -165 + 81. Let t be (j/(-24))/(1/(-12)) + -3. What is the remainder when -39*2/(-9)*t/(-6) is divided by 17?
14
Suppose -o = 3*z - 5*o - 60, z - 3*o = 20. Suppose -j + 9 + 1 = 3*w, 3*w = 2*j - z. What is the remainder when 74 is divided by j?
4
Let w = -107 + 590. Suppose -19*g + 26*g - w = 0. What is the remainder when g is divided by 8?
5
Suppose -36*c + 7*c + 145 = 0. Suppose 5*o - 2*o + 506 = 2*t, 0 = -2*t - c*o + 506. Calculate the remainder when t is divided by 16.
13
Calculate the remainder when 703 is divided by (-87)/406 + 12490/140.
80
Suppose 144 = 6*s + 3*g, 2*g = 5*s - 83 - 46. What is the remainder when 658 is divided by s?
8
Suppose -12*q + 8003 = 7415. Calculate the remainder when 4114 is divided by q.
47
What is the remainder when 989 is divided by 12744/(-84)*(-91)/39?
281
Let r be (-19)/(-5) - 88/110. Suppose -2*o + r*i + 70 = -i, 4*i + 35 = o. What is the remainder when o is divided by 21?
14
Let g = 14 - 6. Let o be 9/((-18)/g)*-2. Suppose 2*b = 22 - o. Calculate the remainder when 13 is divided by b.
6
Suppose d = 3*u - 4*d - 44, -u = -5*d - 8. Calculate the remainder when 0/(1*2) + 358 + -269 is divided by u.
17
Let i be -2 - (24 - (1 + -3)). Let c = i - -126. Suppose -2*k - 4*j + 18 = 0, -5*j + 13 - 50 = -k. Calculate the remainder when c is divided by k.
13
Let u = 336 + -507. Suppose -291 = z - 3*x, 510 = -4*z + 3*x - 645. Let g = u - z. What is the remainder when g is divided by 20?
17
Let u = 36 - -122. Let k be (-2 + 1)/(65/(-20) + 3). Suppose -k*m = 10*b - 13*b - 148, 0 = -4*m - 5*b + 180. What is the remainder when u is divided by m?
38
Suppose 15*i - 52 = 98. Let g = -450 + 517. What is the remainder when g is divided by i?
7
Suppose -1946*r = -1939*r - 105. Suppose 2*i - i = -3*d + 683, -i + 225 = d. Suppose -66 = -5*g + d. What is the remainder when g is divided by r?
14
Let a be -2*(-8)/16*-17. What is the remainder when a/2*(16 - 20) is divided by 14?
6
Let l(j) = -39*j**3 + j**2 - 6*j - 3. Suppose -65 = 5*r + 2*k, -5*r + k + k - 45 = 0. Let u(w) = w + 22. Calculate the remainder when l(-1) is divided by u(r).
10
Let n(s) = 3*s - 19. Let l be n(7). Suppose -3*j - 6 = 2*x + 1, 2*j + 8 = -l*x. What is the remainder when 46 is divided by -5 + j + 21 + 0?
12
Let x = 10241 - 10146. What is the remainder when (-30)/9*(-2556)/15 is divided by x?
93
Suppose 2*v = -y + 81, -4*v + 4*y = 8*y - 160. Let p(f) = 31*f**2 - 2. Calculate the remainder when p(2) is divided by v.
40
Suppose -5*a + 598 = -3*s, 3*a = 4*a + 5*s - 142. Let r = a + -74. Let p = 125 - r. Calculate the remainder when p is divided by 27.
23
Suppose -44 = -5*g + 76. What is the remainder when (60/48)/(6 + -2 + (-10932)/2736) is divided by g?
21
Calculate the remainder when 4 + (-2)/3 + 140/84 - -618 is divided by 130.
103
Let l(z) = -7*z + 1. Suppose 5*r = -y - y + 2, -3*y - r = -3. Let t be l(y). What is the remainder when t/(-3) - -1 - -316 is divided by 46?
43
Suppose -7*b = -12*b - 5*t + 1020, 0 = 5*t + 45. What is the remainder when b is divided by 41?
8
Let q = 2192 - 2052. What is the remainder when 11898 is divided by q?
138
Suppose a - 4*f - 189 = -110, 0 = -4*f - 12. What is the remainder when 252 is divided by a?
51
Let f = 7 + -3. Calculate the remainder when -4 + (6/(-21) - 0 - 678/(-21)) is divided by -2 + (12 - f/2).
4
What is the remainder when 20340/105 - (-84)/(-49) is divided by 39?
36
Let g = 10 + 5. Let c be (-4)/(-5) + (648/g - -1). Suppose q = c + 13. What is the remainder when q is divided by 10?
8
Suppose 169592 = -31*p + 89*p. What is the remainder when p is divided by 7?
5
Suppose 80*h + 7828 - 75376 = 2*h. Calculate the remainder when h is divided by 184.
130
Let f(w) = -2*w**2 - 6*w + 2. Let t be f(-3). Suppose -t*h + 3 = -7, 3*j - 23 = 5*h. Calculate the remainder when 203 is divided by j.
11
Suppose -2*m + 19 = -5*u, u = 41*m - 42*m + 6. Suppose 811 = 2*q - 4*t + m*t, 4*t + 1970 = 5*q. What is the remainder when q is divided by 50?
48
Suppose -10*k = -1470 + 490. What is the remainder when k is divided by ((-4015)/(-219))/((-10)/(-6))?
10
Let f(z) = -z**2 + 18*z - 5. Let u be f(4). What is the remainder when (-6)/u + (-784)/(-17) is divided by 6?
4
Suppose -a + 1 = -43*h + 46*h, a + 5 = 0. Suppose h*p = 4*m - 2*p - 40, -5*m + 34 = -p. What is the remainder when 49 is divided by m?
1
Let y(h) = 7*h + 52. Let n be y(-7). Suppose -n*o - 5*d = -o - 826, 0 = 5*o + 3*d - 2103. What is the remainder when o is divided by 53?
52
Let l = -2679 + 2690. What is the remainder when 502 is divided by l?
7
